831 prime?
False
Is 1541700481 a composite number?
True
Is 66370919 composite?
False
Is 697097147 a composite number?
False
Is 8257347191 prime?
True
Is 1021513019 a prime number?
True
Is 19758606997 a composite number?
False
Is 446366017 a composite number?
False
Is 41762714953 a composite number?
False
Is 902703107 a composite number?
True
Is 2506131011 prime?
True
Is 5387840357 a composite number?
False
Is 31147999 a prime number?
True
Is 1731492089 composite?
True
Is 8201560777 a composite number?
True
Is 1294487171 a prime number?
False
Is 109814773 a prime number?
True
Is 3561962246 a prime number?
False
Is 35921204701 composite?
True
Is 86097657005 a prime number?
False
Is 59180499551 prime?
True
Is 812878891 a composite number?
True
Is 235330783 a composite number?
False
Is 201337399 composite?
False
Is 5165052583 a composite number?
False
Is 22912769063 prime?
True
Is 3658205861 prime?
True
Is 2721791651 a prime number?
False
Is 4189997197 prime?
False
Is 300681613381 a prime number?
False
Is 1180398557 prime?
False
Is 50241781399 composite?
False
Is 75572617 a prime number?
True
Is 2932222471 composite?
False
Is 5109527233 prime?
True
Is 24209711369 prime?
False
Is 15825189179 composite?
False
Is 1845606281 prime?
False
Is 93119089681 a prime number?
True
Is 893812979 composite?
False
Is 1204573157 composite?
False
Is 7892892769 a composite number?
False
Is 6438338969 a composite number?
False
Is 2313549187 prime?
False
Is 240338879 a composite number?
True
Is 253672279187 a prime number?
True
Is 9283926637 a composite number?
False
Is 336792349 prime?
True
Is 5423324701 prime?
False
Is 1781628523 composite?
False
Is 3346516885 a prime number?
False
Is 208165661 prime?
False
Is 20988910463 a prime number?
True
Is 13056580753 prime?
False
Is 5032423063 a composite number?
False
Is 6126941201 composite?
True
Is 4157973907 prime?
True
Is 1123954441 composite?
True
Is 98038511 prime?
True
Is 1512836503 a prime number?
False
Is 627992423 a composite number?
True
Is 56443001711 composite?
False
Is 106673454257 a prime number?
True
Is 34166868913 a composite number?
False
Is 43238586221 a prime number?
True
Is 31853229487 a composite number?
False
Is 70713386 prime?
False
Is 49775009 a composite number?
True
Is 25201382057 a composite number?
False
Is 1166287327 a prime number?
True
Is 100672290619 composite?
False
Is 437655913 a composite number?
False
Is 2025063119 prime?
True
Is 503716211 prime?
False
Is 583605179 prime?
True
Is 15180246709 a prime number?
True
Is 10718894467 a composite number?
False
Is 38196855769 composite?
False
Is 4712416077 a composite number?
True
Is 1893066509 a prime number?
True
Is 88500911 composite?
False
Is 1000434239 a prime number?
False
Is 19506401329 a prime number?
True
Is 682306057 composite?
False
Is 36433798337 composite?
False
Is 108237637411 a composite number?
False
Is 5165702473 a composite number?
False
Is 91004592121 prime?
False
Is 8604540509 composite?
False
Is 381271397 composite?
True
Is 24517127 composite?
True
Is 1163204131 composite?
False
Is 22975138193 composite?
True
Is 10627703573 a composite number?
True
Is 87282712667 composite?
False
Is 3014032193 composite?
False
Is 6536407193 a prime number?
True
Is 214472527114 prime?
False
Is 412541903 composite?
False
Is 37822393507 composite?
True
Is 5462729249 composite?
False
Is 1254958514 composite?
True
Is 1363961129 prime?
True
Is 123323881 a composite number?
False
Is 4690378567 a prime number?
False
Is 427717800123 prime?
False
Is 3945294917 prime?
True
Is 651407909 prime?
False
Is 7584752437 a composite number?
False
Is 78293342 composite?
True
Is 2359750727 composite?
False
Is 45430091821 prime?
False
Is 3822509137 a composite number?
False
Is 9744619721 a prime number?
True
Is 52548748339 a prime number?
False
Is 107651874271 a composite number?
False
Is 409399481 a composite number?
False
Is 7889387963 prime?
True
Is 230582305457 prime?
False
Is 1227620027 prime?
True
Is 432281413 prime?
False
Is 2962157473 prime?
False
Is 6090983519 prime?
True
Is 903871637 a composite number?
False
Is 442565533 composite?
False
Is 907925633 prime?
True
Is 1487988563 composite?
True
Is 7644872959 a prime number?
False
Is 252076921 prime?
True
Is 101869205909 a prime number?
True
Is 180604281919 prime?
True
Is 1061088767 a composite number?
True
Is 89944455479 prime?
True
Is 1818231431 prime?
True
Is 100082729 a composite number?
True
Is 6771804821 composite?
False
Is 6717277883 prime?
False
Is 46411193951 composite?
False
Is 1952289473 composite?
True
Is 398408041 composite?
False
Is 855017693 a composite number?
False
Is 1617453749 a composite number?
False
Is 242039207 a prime number?
False
Is 139905001891 composite?
True
Is 542298961 a prime number?
True
Is 10385012597 prime?
False
Is 39405957841 a prime number?
False
Is 98995047233 a composite number?
False
Is 14715503291 a prime number?
False
Is 19318967659 a composite number?
False
Is 1970471183 prime?
True
Is 311323553731 a composite number?
False
Is 23638412933 prime?
True
Is 54020877461 prime?
True
Is 5984172487 prime?
True
Is 194915597 prime?
True
Is 70311463187 a composite number?
True
Is 7488594743 a prime number?
False
Is 644213307 prime?
False
Is 6966272023 a composite number?
False
Is 20582607737 a prime number?
False
Is 826107407 composite?
False
Is 1411814947 a composite number?
True
Is 31161368435 prime?
False
Is 52629043171 a composite number?
False
Is 6149416549 a prime number?
False
Is 3341120977 a composite number?
False
Is 3076432663 prime?
False
Is 6069023 prime?
True
Is 22262989649 prime?
True
Is 1428301247 a prime number?
False
Is 4601776703 prime?
False
Is 1808511007 composite?
False
Is 81802867 prime?
False
Is 63578349295 a composite number?
True
Is 47807294153 prime?
True
Is 404046367 composite?
False
Is 6157361519 prime?
False
Is 3488657558 composite?
True
Is 1125260977 prime?
False
Is 10394684021 a composite number?
False
Is 9361049 a composite number?
True
Is 94326826747 a composite number?
False
Is 9817789151 a prime number?
True
Is 281452411 composite?
False
Is 24369421931 prime?
True
Is 148131616001 a prime number?
True
Is 16322204939 a composite number?
False
Is 62549287 prime?
True
Is 25989848294 a composite number?
True
Is 6665744021 prime?
True
Is 1330722287 a prime number?
False
Is 4491632962 a prime number?
False
Is 4717325303 composite?
False
Is 34209809 a composite number?
True
Is 1019130743 a prime number?
True
Is 23723799743 a prime number?
False
Is 2382016019 prime?
True
Is 3147092401 composite?
True
Is 312564683 prime?
True
Is 1487560187 a prime number?
True
Is 3121130239 composite?
False
Is 12006521 a prime number?
True
Is 38322617 a prime number?
True
Is 37765576627 a composite number?
True
Is 13647773749 a composite number?
True
Is 24916969981 prime?
True
Is 7889908657 a composite number?
False
Is 92432539 composite?
False
Is 30338023 prime?
True
Is 4476500849 composite?
False
Is 77319061297 prime?
False
Is 9557827891 prime?
True
Is 120504532363 a composite number?
False
Is 11521197845 composite?
True
Is 102252391819 a composite number?
True
Is 1810933903 composite?
True
Is 1330932179 composite?
False
Is 6229072987 a prime number?
False
Is 5545675001 prime?
False
Is 11889662071 composite?
True
Is 136237268939 a composite number?
True
Is 22550544187 a composite number?
True
Is 132514903 a composite number?
False
Is 10406157067 a composite number?
True
Is 258772277 prime?
False
Is 157713451843 a prime number?
False
Is 1273915507 a prime number?
False
Is 45588445547 prime?
True
Is 147269142983 a composite number?
True
Is 181968257 a composite number?
True
Is 3854912267 a prime number?
False
Is 25837415189 prime?
False
Is 270948953 a prime number?
False
Is 49549579841 a composite number?
True
Is 125435322967 composite?
False
Is 287537113 a composite number?
False
Is 2165490367 a composite number?
False
Is 20008062827 a prime number?
True
Is 28461207881 a composite number?
False
Is 194922835607 prime?
True
Is 289772687 a prime number?
True
Is 19475082671 a prime number?
False
Is 2589380203 prime?
True
Is 21181645 prime?
False
Is 1133070881 composite?
False
Is 779511079 composite?
True
Is 2847107119 composite?
True
Is 398586377 composite?
True
Is 8